(3 - 2 - 6) - 26
-31
Calculate 8 + -7 - -3 - 25 - -24.
3
What is 72 - (-93 - -71) - 122?
-28
(-6 - (-4 - (0 - 3))) + (72 - (66 - 47))
48
Calculate -25 + -5 + 5 + 14 - (4 - (7 + -4)).
-12
What is 70 - (5 + (5 - -17)) - (-24 - -13)?
54
What is 3 + 27 - (-28 + 23 + -20)?
55
Calculate -403 + 385 + -5 + (-1 - -44).
20
-76 - (-43 + 40 - 42)
-31
(-6 - (-4 + -3)) + -48 + 6 + 4 + -4
-41
What is -16 - (-46 - -34) - 56?
-60
16 + -13 + -29 + 20 + -18 + 62
38
Evaluate -54 - (-63 + (40 - 165)).
134
What is (-89 + 108 - 20) + (1 - 10) + 35?
25
Evaluate (-27 - -25) + -19 - 2.
-23
What is (-1 - -12) + (-44 + 55 - 6) + -19?
-3
Calculate -89 + -3 + 5 + (29 + -24 - 1).
-83
What is the value of (-702 - -701) + (4 + (-5 - 1) - (0 - 31))?
28
What is the value of -2 - -1 - -8 - (305 + -292)?
-6
What is the value of 51 + (1 - -11 - (-14 + -8 + 33))?
52
What is (12 - 10) + (-6 - -4) + -23 - (9 - 12)?
-20
Calculate 4 - (-4 - ((-19 - -27) + 23)).
39
Calculate (-48 + 15 - -11 - (-16 + -91)) + -4 + -1.
80
What is -61 - (5 - 36) - -40?
10
Evaluate 11 - ((-41 - -17) + 5).
30
Evaluate -3 - (0 + -9 + -7) - (14 + 0).
-1
Calculate 34 - (-6 - -15) - (-398 + 476).
-53
Evaluate 13 + -32 + -63 + 73 - (0 - 0 - -9).
-18
Evaluate 3 + (5 - 2 - (-22 - -79)) + (101 - 90).
-40
What is the value of 10 - (-13 - -2 - (78 - 86))?
13
What is -21 - (36 - ((-74 - -38) + 9))?
-84
Calculate 2 + 49 + -2 - (32 + -234 - -204).
47
-145 + (136 - (62 - -12))
-83
Evaluate -1 + 41 + (-7 - (-7 + -18 + 36)) + 19.
41
Evaluate -463 + 429 + -17 + 1.
-50
What is 14 - (-1 + (68 - 1))?
-52
Evaluate (-2 - 8 - (-13 + 25 + 5)) + 0 + 2.
-25
What is the value of 14 - 32 - 1 - -13?
-6
Calculate 1 - 10 - (-78 - (-13 - 26)).
30
Evaluate 15 + 19 + -14 + -10 + -2 - (-47 - -1).
54
What is (-189 - -47) + (96 - 4)?
-50
1 + 0 + 37 + (-16 - (-245 + 239))
28
What is -351 - -392 - (-34 + -1) - 6?
70
What is (-52 - 1) + (103 - (68 - -31))?
-49
What is the value of 38 + (10 - (6 + 3) - (14 - 2))?
27
Evaluate -246 + 245 - (-39 - (-4 + 7)).
41
What is the value of (-1 - -1 - -11) + -1 + (-10 - (-20 + -49))?
69
Evaluate (46 - 1) + (-100 + -35 - -129).
39
Evaluate -58 + (5 - (-3 + 1 + (-10 - -2))) - -6.
-37
Calculate (10 - ((10 - -126) + -13 + 15)) + 1.
-127
What is (1 - -2) + -19 - (-249 - -196)?
37
Calculate 23 - ((13 - -8 - 5) + -10).
17
Calculate -1 + -2 + (-1 - (-53 + 49)).
0
Evaluate 20 + -13 + 17 + (8 - 2) - -6.
36
What is (69 - 120) + (105 - 8)?
46
(18 + -24 - -14) + -41
-33
What is the value of -38 + (3 - 0 - (2312 - 2272))?
-75
10 - 5 - (21 + -3) - (-105 + 13 + -4)
83
What is the value of -6 + (-1 - (-4 + (6 - -5)) - -35) + -7?
14
Calculate -11 + (1 + 3 - 28) + 9 + 15.
-11
Calculate (-129 - -97) + 62 + (-1 - 10).
19
Calculate -2 + 0 - (-1 - -1) - (43 + (95 - 67)).
-73
Calculate -50 + -5 + 105 + -46.
4
Calculate -31 + 7 - 21 - -31.
-14
Calculate (-1 - (2 - 11)) + (-73 - 0) + (201 - 217).
-81
What is -24 + 27 + -5 + 16 + -6 + -2?
6
What is the value of (-2 - 13) + -7 + -51 + 75 + -2?
0
Evaluate (16 - 13) + 77 - (10 + -9 + 17 + -6).
68
Calculate (100 - 78) + -57 + -2 + 11.
-26
-5 - ((27 - -55) + -50)
-37
(-286 - (-362 - -49)) + 23 + -1
49
What is -29 + (47 - 49) + 60?
29
What is -182 - (-153 + (-64 - -111))?
-76
(-4861 - -4765) + 0 + 60
-36
Calculate -202 - -196 - (-40 - 0) - 25.
9
Calculate -1 - -8 - (98 - 14 - 183).
106
What is 73 - (-22 - -66) - 74?
-45
What is -8 + (9 - 2) + -5 + -87 + -10 + -15?
-118
Calculate 0 + -88 - (604 + -658).
-34
-50 - (-86 - (-54 - 10))
-28
Calculate (76 + -295 - -263) + (1 - -28).
73
What is 67 + (-76 + 178 - 97) + -1 + 9?
80
What is 9 + -39 + 18 + (0 - -7) + 10?
5
What is -31 + (10 - 15) + (27 - -5) + -22?
-26
Evaluate 26 - ((51 - 49) + 40).
-16
47 - (24 + 17 + 37)
-31
Calculate 177 + 2 + -1590 + 1508.
97
What is the value of 9 - (-4 - -10 - (30 - 29) - (7 + 34))?
45
Evaluate (-44 - 0) + (-66 - (64 + -122 + -17)).
-35
Calculate 19 + -1 + (0 - (23 - 8)) + 6 - 13.
-4
What is the value of -23 + (-9 - (-14 - (-44 + 23)))?
-39
What is (59 - 14) + 16 - (-10 + 7)?
64
22 - 8 - (5 - -13)
-4
What is the value of 0 + 0 - (1066 - 1090)?
24
What is -7 + (-15 + 5 - -7 - 0) + 47 + 10?
47
Calculate 19 + -52 - (45 - -13).
-91
What is the value of -1 - (55 - (-5 + -6 + (-4 - 5)))?
-76
What is the value of 1 + -100 + -208 + 425 + -188?
-70
What is the value of (-26 - (-43 + -9)) + -30?
-4
Calculate (22 - (72 - -8)) + 84.
26
What is the value of 15 + 41 + -27 + -115 + 10?
-76
Calculate -20 - (15 - (-10 + 34 + 14)).
3
What is (3 + 0 - 2) + -10 + (8718 - 8712)?
-3
-11 - (0 + 8 + (328 - 358) + 35)
-24
1 + -27 + (6 + -2 - (79 - (101 - 18)))
-18
Evaluate 5 + ((-14 - 3) + 16 - (-2 + 1)) + 33.
38
What is the value of -83 - 0 - ((-4 - -2 - 9) + -3 - -1)?
-70
Evaluate (-309 - -375) + (-17 - -6).
55
-135 + 159 + 5 + 30 + -6
53
Calculate 10 + -31 + 29 + -44 + 27.
-9
72 - ((5 - (10 + -4 + 2)) + -3)
78
Calculate 108 + (-37 - (12 - 44 - 3)).
106
Calculate 22 - (29 - 14) - (-7 + 21).
-7
1 - 114 - (2929 + -2984)
-58
What is 25 + -51 + -29 + 8?
-47
Evaluate 29 + 1 - ((-75 - -117) + -44).
32
Calculate -69 + 134 + -30 - (41 + -2).
-4
What is the value of (5 + 7 + -6 + -6 - (14 - 8)) + 8?
2
What is the value of 60 + -1 + 0 - (353 + -84 - 266)?
56
4932 + -4935 - ((-1 - (-112 + 1)) + (4 - 1))
-116
What is the value of 0 + -9 + 46 + (6 + 9 - 7)?
45
Evaluate 10 - (17 + 43 + (-11 - -20) - 3).
-56
1 - 1 - (-112 - 4) - (-30454 - -30433)
137
What is 0 + 31 - (-10 + -10 - (41 - 48))?
44
Calculate (1 + -14 - 1) + (30 + -106 - -87).
-3
What is the value of -1 + -76 + -90 + 120 + -13?
-60
What is -6 + (19 - 1) + (-5 - (4 + 11 - 7))?
-1
What is 22 + 7 + 0 + (-848 - -835) + -115?
-99
-45 - (0 - (14 - 15 - 1))
-47
What is the value of -67 + -24 + 34 + 35?
-22
What is the value of -27 + (71 - 37) + 118?
125
What is the value of -134 - (8 + -83 + 15)?
-74
Evaluate 31 - (-45 + (64 - -33)) - -24.
3
What is 59 + -44 + (-1 - 7 - 79) - -9?
-63
What is -1902 + 1912 + 78 + 2?
90
What is 1 + 57 + -11 + 52 + -48?
51
What is the value of -12 + -15 - (6 - 34)?
1
What is 0 + -5 + 2 + (61 - 87) - (-21 + 10)?
-18
What is (0 - 9 - -3 - -29) + 39?
62
What is -3 + 4 + (-4 - 19) - 3?
-25
Calculate 134 + -139 - (-11 - -86).
-80
Evaluate (101 - -74 - 83) + -66.
26
What is (71 + 101 - 89) + -77?
6
What is the value of -15 - (-47 + 46) - 24?
-38
-46 - (-47 + (41 - 47))
7
What is 5 + (47 - 19) + (-29 - -13)?
17
Calculate -37 - (-1 + 1) - (34 + -43 + 62 - 51).
-39
Calculate -85 - (36 + (56 - 40) - 20).
-117
-46 + 31 - -34 - (-5 + 46 + 6)
-28
What is the value of 3 - 2 - -1 - 76 - (-10 - 1)?
-63
(0 - 5) + -159 + 281 + -106
11
What is -31 + -1 - (-51 - 170 - -116)?
73
Calculate 105 - (8 - 9) - (310 + -300).
96
Evaluate 5 + (13 - -1 - (1 - -5 - -2) - -40).
51
Evaluate (5 + -12 + 1 + 0 - -16 - 6) + 11.
15
Calculate 120 - (363 - 116) - -98.
-29
Evaluate -10 - (2 - 6 - (-9 + -27)) - -7.
-35
Calculate -58 + 16 + 5 - (-23 + -2).
-12
What is (-13 - -19) + -24 + (-7 - -5)?
-20
What is -50 - (56 + -185) - 28?
51
What is the value of -681 - -547 - (1 + 8)?
-143
-42 + (-6 + 4 + -4 - (31 - 31))
-48
8 + (9 - (-54 + (-8 - -21))) + -15 + 3
46
What is the value of (-22 - (-6 + 2 + 7 - 11)) + -51 + 37?
-28
Calculate (4 - 11) + 4 - (-80 + 2 + (157 - 161)).
79
What is 9 - 2 - (2 + 12) - (4 - -51 - 2)?
-60
Calculate -1 + -27 + (119 - 44 - -33).
80
Calculate (692 - 702) + (-12 - -60).
38
What is the value of -27 + -17 + 34 + 25 - 2 - 2?
11
Calculate 55 + 7 + (9 - 19) + 6 + -6.
52
What is (-1 + 2 - (5 + 1)) + -1202 + 1253?
46
What is 4 + (5 - 39 - (207 + -218))?
-19
Evaluate 39 + (-58 - 27) - -160.
114
-2878 + 2895 - ((5 + -4 - 4) + -12)
32
What is the value of (86 + -71 - -58) + -114?
-41
Calculate (13 - -23) + -55 + -20.
-39
Evaluate -20 + (7 - 20) + (-5 - -3 - -10).
-25
Evaluate (185 - 185) + (-4 + 3 - 1 - -29).
27
Evaluate -5 + (4 - -20) + -73 + -40.
-94
What is the value of -1 + 11 + (-35 - (66 + -104))?
13
Calculate -4 + (3 - -1) + -20 + 15 + -5 - 28.
-38
(-59 - 21) + 43 + 89
52
What is the value of (54 - ((-32 - -65) + 1)) + 11?
31
What is -10 + 16 + 34 + -17 + -10 + -2 + 38?
49
What is -1673 - -1684 - (1 + 21) - (2 + -2 - 67)?
56
What is 24 - 1 - (2543 + -2576)?
56
What is (4 - (-1 - -6) - 2) + (-9 - (6 - 12))?
-6
(19 - 29) + (2 - 1) + 18 + -42
-33
What is 42 + (1 - -1 - (262 + -250 - (1